{"id":36,"date":"2018-11-13T12:27:18","date_gmt":"2018-11-13T11:27:18","guid":{"rendered":"http:\/\/vitrysynergic.fr\/?page_id=36"},"modified":"2024-02-15T09:32:03","modified_gmt":"2024-02-15T08:32:03","slug":"mentions-legales","status":"publish","type":"page","link":"https:\/\/vitrysynergic.fr\/?page_id=36","title":{"rendered":"Mentions l\u00e9gales"},"content":{"rendered":"<header class=\"entry-header\">\n<h1>Mentions l\u00e9gales<\/h1>\n<h1>Vitry Synergic<\/h1>\n<p><strong>Activit\u00e9s<\/strong> : Production de biens et de services.<\/p>\n<p><strong>Adresse :<\/strong> 58, Rue de la Jouette, 51300 Vitry le Fran\u00e7ois.<\/p>\n<p><strong>Contact: tel:\u00a0<\/strong>03 26 74 70 41\u00a0 \u00a0&#8211; <strong>Mail<\/strong> : vitry.synergic@orange.fr<\/p>\n<p><strong>Num\u00e9ro SIRET<\/strong> : 403 812 662 000 43<\/p>\n<p><strong>Code APE<\/strong> : 88.99B &#8211; Action sociale sans h\u00e9bergement n.c.a.<\/p>\n<p><strong>Statut juridique<\/strong> : Association<\/p>\n<p><strong>Type de structure:<\/strong> Atelier et chantier d&rsquo;insertion (ACI)<\/p>\n<p><strong>Convention collective<\/strong> : ACI<\/p>\n<p><strong>SITE INTERNET:<\/strong><\/p>\n<p><strong>Site web h\u00e9berg\u00e9 par OVH<\/strong><br \/>\n<span class=\"ng-scope\" data-translate=\"legal-company-capital\">SAS au capital de 10 059 500 \u20ac<\/span><br \/>\n<span class=\"ng-scope\" data-translate=\"legal-company-registration\">RCS Lille M\u00e9tropole 424 761 419 00045<\/span><br \/>\n<span class=\"ng-scope\" data-translate=\"legal-company-ape\">Code APE 6202A<\/span><br \/>\n<span class=\"ng-scope\" data-translate=\"legal-company-vat\">N\u00b0 TVA : FR 22 424 761 419<\/span><strong><br \/>\n<\/strong><strong class=\"ng-scope\" data-translate=\"legal-company-center\">Si\u00e8ge social : <\/strong><br \/>\n2 rue Kellermann<br \/>\n59100 Roubaix<br \/>\nFrance<\/p>\n<p><strong>Directeur de Publication<\/strong> : M. Olivier LELIEVRE, Directeur.<\/p>\n<h1><\/h1>\n<\/header>\n<div class=\"sharedaddy sd-sharing-enabled\"><div class=\"robots-nocontent sd-block sd-social sd-social-icon-text sd-sharing\"><h3 class=\"sd-title\">Partager\u00a0:<\/h3><div class=\"sd-content\"><ul><li class=\"share-facebook\"><a rel=\"nofollow noopener noreferrer\" data-shared=\"sharing-facebook-36\" class=\"share-facebook sd-button share-icon\" href=\"https:\/\/vitrysynergic.fr\/?page_id=36&amp;share=facebook\" target=\"_blank\" title=\"Cliquez pour partager sur Facebook\"><span>Facebook<\/span><\/a><\/li><li class=\"share-end\"><\/li><\/ul><\/div><\/div><\/div>","protected":false},"excerpt":{"rendered":"<p>Mentions l\u00e9gales Vitry Synergic Activit\u00e9s : Production de biens et de services. Adresse : 58, Rue de la Jouette, 51300 Vitry le Fran\u00e7ois. Contact: tel:\u00a003 26 74 70 41\u00a0 \u00a0&#8211; Mail : vitry.synergic@orange.fr Num\u00e9ro SIRET : 403 812 662 000 43 Code APE : 88.99B &#8211; Action sociale sans h\u00e9bergement n.c.a. Statut juridique : Association [&hellip;]<\/p>\n<div class=\"sharedaddy sd-sharing-enabled\"><div class=\"robots-nocontent sd-block sd-social sd-social-icon-text sd-sharing\"><h3 class=\"sd-title\">Partager\u00a0:<\/h3><div class=\"sd-content\"><ul><li class=\"share-facebook\"><a rel=\"nofollow noopener noreferrer\" data-shared=\"sharing-facebook-36\" class=\"share-facebook sd-button share-icon\" href=\"https:\/\/vitrysynergic.fr\/?page_id=36&amp;share=facebook\" target=\"_blank\" title=\"Cliquez pour partager sur Facebook\"><span>Facebook<\/span><\/a><\/li><li class=\"share-end\"><\/li><\/ul><\/div><\/div><\/div>","protected":false},"author":1,"featured_media":0,"parent":0,"menu_order":0,"comment_status":"closed","ping_status":"closed","template":"","meta":{"spay_email":"","footnotes":""},"class_list":["post-36","page","type-page","status-publish","hentry"],"jetpack_sharing_enabled":true,"jetpack_shortlink":"https:\/\/wp.me\/ParFhy-A","_links":{"self":[{"href":"https:\/\/vitrysynergic.fr\/index.php?rest_route=\/wp\/v2\/pages\/36","targetHints":{"allow":["GET"]}}],"collection":[{"href":"https:\/\/vitrysynergic.fr\/index.php?rest_route=\/wp\/v2\/pages"}],"about":[{"href":"https:\/\/vitrysynergic.fr\/index.php?rest_route=\/wp\/v2\/types\/page"}],"author":[{"embeddable":true,"href":"https:\/\/vitrysynergic.fr\/index.php?rest_route=\/wp\/v2\/users\/1"}],"replies":[{"embeddable":true,"href":"https:\/\/vitrysynergic.fr\/index.php?rest_route=%2Fwp%2Fv2%2Fcomments&post=36"}],"version-history":[{"count":5,"href":"https:\/\/vitrysynergic.fr\/index.php?rest_route=\/wp\/v2\/pages\/36\/revisions"}],"predecessor-version":[{"id":809,"href":"https:\/\/vitrysynergic.fr\/index.php?rest_route=\/wp\/v2\/pages\/36\/revisions\/809"}],"wp:attachment":[{"href":"https:\/\/vitrysynergic.fr\/index.php?rest_route=%2Fwp%2Fv2%2Fmedia&parent=36"}],"curies":[{"name":"wp","href":"https:\/\/api.w.org\/{rel}","templated":true}]}}