{"id":163,"date":"2019-02-05T11:24:23","date_gmt":"2019-02-05T10:24:23","guid":{"rendered":"http:\/\/vitrysynergic.fr\/?page_id=163"},"modified":"2019-07-08T13:03:54","modified_gmt":"2019-07-08T11:03:54","slug":"publications","status":"publish","type":"page","link":"https:\/\/vitrysynergic.fr\/?page_id=163","title":{"rendered":"Publications"},"content":{"rendered":"\n<figure class=\"wp-block-image\"><img loading=\"lazy\" decoding=\"async\" width=\"2560\" height=\"1536\" data-attachment-id=\"343\" data-permalink=\"https:\/\/vitrysynergic.fr\/?attachment_id=343\" data-orig-file=\"https:\/\/i1.wp.com\/vitrysynergic.fr\/wp-content\/uploads\/2019\/07\/20190704_115425.jpg?fit=2560%2C1536&amp;ssl=1\" data-orig-size=\"2560,1536\" data-comments-opened=\"1\" data-image-meta=\"{&quot;aperture&quot;:&quot;2.6&quot;,&quot;credit&quot;:&quot;&quot;,&quot;camera&quot;:&quot;SM-G357FZ&quot;,&quot;caption&quot;:&quot;&quot;,&quot;created_timestamp&quot;:&quot;1562241264&quot;,&quot;copyright&quot;:&quot;&quot;,&quot;focal_length&quot;:&quot;3.54&quot;,&quot;iso&quot;:&quot;50&quot;,&quot;shutter_speed&quot;:&quot;0.0004450378282154&quot;,&quot;title&quot;:&quot;&quot;,&quot;orientation&quot;:&quot;1&quot;}\" data-image-title=\"20190704_115425\" data-image-description=\"\" data-medium-file=\"https:\/\/i1.wp.com\/vitrysynergic.fr\/wp-content\/uploads\/2019\/07\/20190704_115425.jpg?fit=300%2C180&amp;ssl=1\" data-large-file=\"https:\/\/i1.wp.com\/vitrysynergic.fr\/wp-content\/uploads\/2019\/07\/20190704_115425.jpg?fit=1024%2C614&amp;ssl=1\" src=\"https:\/\/i1.wp.com\/vitrysynergic.fr\/wp-content\/uploads\/2019\/07\/20190704_115425.jpg?fit=1024%2C614\" alt=\"\" class=\"wp-image-343\" srcset=\"https:\/\/i1.wp.com\/vitrysynergic.fr\/wp-content\/uploads\/2019\/07\/20190704_115425.jpg?w=2560&amp;ssl=1 2560w, https:\/\/i1.wp.com\/vitrysynergic.fr\/wp-content\/uploads\/2019\/07\/20190704_115425.jpg?resize=300%2C180&amp;ssl=1 300w, https:\/\/i1.wp.com\/vitrysynergic.fr\/wp-content\/uploads\/2019\/07\/20190704_115425.jpg?resize=768%2C461&amp;ssl=1 768w, https:\/\/i1.wp.com\/vitrysynergic.fr\/wp-content\/uploads\/2019\/07\/20190704_115425.jpg?resize=1024%2C614&amp;ssl=1 1024w, https:\/\/i1.wp.com\/vitrysynergic.fr\/wp-content\/uploads\/2019\/07\/20190704_115425.jpg?resize=830%2C498&amp;ssl=1 830w, https:\/\/i1.wp.com\/vitrysynergic.fr\/wp-content\/uploads\/2019\/07\/20190704_115425.jpg?resize=230%2C138&amp;ssl=1 230w, https:\/\/i1.wp.com\/vitrysynergic.fr\/wp-content\/uploads\/2019\/07\/20190704_115425.jpg?resize=350%2C210&amp;ssl=1 350w, https:\/\/i1.wp.com\/vitrysynergic.fr\/wp-content\/uploads\/2019\/07\/20190704_115425.jpg?resize=480%2C288&amp;ssl=1 480w, https:\/\/i1.wp.com\/vitrysynergic.fr\/wp-content\/uploads\/2019\/07\/20190704_115425.jpg?w=2340 2340w\" sizes=\"auto, (max-width: 1170px) 100vw, 1170px\" \/><figcaption>Travaux au Cimeti\u00e8re de  Arzilli\u00e8re Neuville &#8211;  Mise en conformit\u00e9<\/figcaption><\/figure>\n\n\n\n<figure class=\"wp-block-image\"><img loading=\"lazy\" decoding=\"async\" width=\"2560\" height=\"1536\" data-attachment-id=\"344\" data-permalink=\"https:\/\/vitrysynergic.fr\/?attachment_id=344\" data-orig-file=\"https:\/\/i0.wp.com\/vitrysynergic.fr\/wp-content\/uploads\/2019\/07\/20190704_115451.jpg?fit=2560%2C1536&amp;ssl=1\" data-orig-size=\"2560,1536\" data-comments-opened=\"1\" data-image-meta=\"{&quot;aperture&quot;:&quot;2.6&quot;,&quot;credit&quot;:&quot;&quot;,&quot;camera&quot;:&quot;SM-G357FZ&quot;,&quot;caption&quot;:&quot;&quot;,&quot;created_timestamp&quot;:&quot;1562241291&quot;,&quot;copyright&quot;:&quot;&quot;,&quot;focal_length&quot;:&quot;3.54&quot;,&quot;iso&quot;:&quot;50&quot;,&quot;shutter_speed&quot;:&quot;0.00029753049687593&quot;,&quot;title&quot;:&quot;&quot;,&quot;orientation&quot;:&quot;1&quot;}\" data-image-title=\"20190704_115451\" data-image-description=\"\" data-medium-file=\"https:\/\/i0.wp.com\/vitrysynergic.fr\/wp-content\/uploads\/2019\/07\/20190704_115451.jpg?fit=300%2C180&amp;ssl=1\" data-large-file=\"https:\/\/i0.wp.com\/vitrysynergic.fr\/wp-content\/uploads\/2019\/07\/20190704_115451.jpg?fit=1024%2C614&amp;ssl=1\" src=\"https:\/\/i0.wp.com\/vitrysynergic.fr\/wp-content\/uploads\/2019\/07\/20190704_115451.jpg?fit=1024%2C614\" alt=\"\" class=\"wp-image-344\" srcset=\"https:\/\/i0.wp.com\/vitrysynergic.fr\/wp-content\/uploads\/2019\/07\/20190704_115451.jpg?w=2560&amp;ssl=1 2560w, https:\/\/i0.wp.com\/vitrysynergic.fr\/wp-content\/uploads\/2019\/07\/20190704_115451.jpg?resize=300%2C180&amp;ssl=1 300w, https:\/\/i0.wp.com\/vitrysynergic.fr\/wp-content\/uploads\/2019\/07\/20190704_115451.jpg?resize=768%2C461&amp;ssl=1 768w, https:\/\/i0.wp.com\/vitrysynergic.fr\/wp-content\/uploads\/2019\/07\/20190704_115451.jpg?resize=1024%2C614&amp;ssl=1 1024w, https:\/\/i0.wp.com\/vitrysynergic.fr\/wp-content\/uploads\/2019\/07\/20190704_115451.jpg?resize=830%2C498&amp;ssl=1 830w, https:\/\/i0.wp.com\/vitrysynergic.fr\/wp-content\/uploads\/2019\/07\/20190704_115451.jpg?resize=230%2C138&amp;ssl=1 230w, https:\/\/i0.wp.com\/vitrysynergic.fr\/wp-content\/uploads\/2019\/07\/20190704_115451.jpg?resize=350%2C210&amp;ssl=1 350w, https:\/\/i0.wp.com\/vitrysynergic.fr\/wp-content\/uploads\/2019\/07\/20190704_115451.jpg?resize=480%2C288&amp;ssl=1 480w, https:\/\/i0.wp.com\/vitrysynergic.fr\/wp-content\/uploads\/2019\/07\/20190704_115451.jpg?w=2340 2340w\" sizes=\"auto, (max-width: 1170px) 100vw, 1170px\" \/><figcaption>Accessibilit\u00e9 PMR<\/figcaption><\/figure>\n\n\n\n<figure class=\"wp-block-image\"><img loading=\"lazy\" decoding=\"async\" width=\"2560\" height=\"1536\" data-attachment-id=\"345\" data-permalink=\"https:\/\/vitrysynergic.fr\/?attachment_id=345\" data-orig-file=\"https:\/\/i0.wp.com\/vitrysynergic.fr\/wp-content\/uploads\/2019\/07\/20190704_115456.jpg?fit=2560%2C1536&amp;ssl=1\" data-orig-size=\"2560,1536\" data-comments-opened=\"1\" data-image-meta=\"{&quot;aperture&quot;:&quot;2.6&quot;,&quot;credit&quot;:&quot;&quot;,&quot;camera&quot;:&quot;SM-G357FZ&quot;,&quot;caption&quot;:&quot;&quot;,&quot;created_timestamp&quot;:&quot;1562241296&quot;,&quot;copyright&quot;:&quot;&quot;,&quot;focal_length&quot;:&quot;3.54&quot;,&quot;iso&quot;:&quot;50&quot;,&quot;shutter_speed&quot;:&quot;0.0003000300030003&quot;,&quot;title&quot;:&quot;&quot;,&quot;orientation&quot;:&quot;1&quot;}\" data-image-title=\"20190704_115456\" data-image-description=\"\" data-medium-file=\"https:\/\/i0.wp.com\/vitrysynergic.fr\/wp-content\/uploads\/2019\/07\/20190704_115456.jpg?fit=300%2C180&amp;ssl=1\" data-large-file=\"https:\/\/i0.wp.com\/vitrysynergic.fr\/wp-content\/uploads\/2019\/07\/20190704_115456.jpg?fit=1024%2C614&amp;ssl=1\" src=\"https:\/\/i1.wp.com\/vitrysynergic.fr\/wp-content\/uploads\/2019\/07\/20190704_115456.jpg?fit=1024%2C614\" alt=\"\" class=\"wp-image-345\" srcset=\"https:\/\/i0.wp.com\/vitrysynergic.fr\/wp-content\/uploads\/2019\/07\/20190704_115456.jpg?w=2560&amp;ssl=1 2560w, https:\/\/i0.wp.com\/vitrysynergic.fr\/wp-content\/uploads\/2019\/07\/20190704_115456.jpg?resize=300%2C180&amp;ssl=1 300w, https:\/\/i0.wp.com\/vitrysynergic.fr\/wp-content\/uploads\/2019\/07\/20190704_115456.jpg?resize=768%2C461&amp;ssl=1 768w, https:\/\/i0.wp.com\/vitrysynergic.fr\/wp-content\/uploads\/2019\/07\/20190704_115456.jpg?resize=1024%2C614&amp;ssl=1 1024w, https:\/\/i0.wp.com\/vitrysynergic.fr\/wp-content\/uploads\/2019\/07\/20190704_115456.jpg?resize=830%2C498&amp;ssl=1 830w, https:\/\/i0.wp.com\/vitrysynergic.fr\/wp-content\/uploads\/2019\/07\/20190704_115456.jpg?resize=230%2C138&amp;ssl=1 230w, https:\/\/i0.wp.com\/vitrysynergic.fr\/wp-content\/uploads\/2019\/07\/20190704_115456.jpg?resize=350%2C210&amp;ssl=1 350w, https:\/\/i0.wp.com\/vitrysynergic.fr\/wp-content\/uploads\/2019\/07\/20190704_115456.jpg?resize=480%2C288&amp;ssl=1 480w, https:\/\/i0.wp.com\/vitrysynergic.fr\/wp-content\/uploads\/2019\/07\/20190704_115456.jpg?w=2340 2340w\" sizes=\"auto, (max-width: 1170px) 100vw, 1170px\" \/><\/figure>\n\n\n\n<figure class=\"wp-block-image\"><img loading=\"lazy\" decoding=\"async\" width=\"2560\" height=\"1536\" data-attachment-id=\"346\" data-permalink=\"https:\/\/vitrysynergic.fr\/?attachment_id=346\" data-orig-file=\"https:\/\/i2.wp.com\/vitrysynergic.fr\/wp-content\/uploads\/2019\/07\/20190704_115524.jpg?fit=2560%2C1536&amp;ssl=1\" data-orig-size=\"2560,1536\" data-comments-opened=\"1\" data-image-meta=\"{&quot;aperture&quot;:&quot;2.6&quot;,&quot;credit&quot;:&quot;&quot;,&quot;camera&quot;:&quot;SM-G357FZ&quot;,&quot;caption&quot;:&quot;&quot;,&quot;created_timestamp&quot;:&quot;1562241324&quot;,&quot;copyright&quot;:&quot;&quot;,&quot;focal_length&quot;:&quot;3.54&quot;,&quot;iso&quot;:&quot;50&quot;,&quot;shutter_speed&quot;:&quot;0.0003700962250185&quot;,&quot;title&quot;:&quot;&quot;,&quot;orientation&quot;:&quot;1&quot;}\" data-image-title=\"20190704_115524\" data-image-description=\"\" data-medium-file=\"https:\/\/i2.wp.com\/vitrysynergic.fr\/wp-content\/uploads\/2019\/07\/20190704_115524.jpg?fit=300%2C180&amp;ssl=1\" data-large-file=\"https:\/\/i2.wp.com\/vitrysynergic.fr\/wp-content\/uploads\/2019\/07\/20190704_115524.jpg?fit=1024%2C614&amp;ssl=1\" src=\"https:\/\/i2.wp.com\/vitrysynergic.fr\/wp-content\/uploads\/2019\/07\/20190704_115524.jpg?fit=1024%2C614\" alt=\"\" class=\"wp-image-346\" srcset=\"https:\/\/i2.wp.com\/vitrysynergic.fr\/wp-content\/uploads\/2019\/07\/20190704_115524.jpg?w=2560&amp;ssl=1 2560w, https:\/\/i2.wp.com\/vitrysynergic.fr\/wp-content\/uploads\/2019\/07\/20190704_115524.jpg?resize=300%2C180&amp;ssl=1 300w, https:\/\/i2.wp.com\/vitrysynergic.fr\/wp-content\/uploads\/2019\/07\/20190704_115524.jpg?resize=768%2C461&amp;ssl=1 768w, https:\/\/i2.wp.com\/vitrysynergic.fr\/wp-content\/uploads\/2019\/07\/20190704_115524.jpg?resize=1024%2C614&amp;ssl=1 1024w, https:\/\/i2.wp.com\/vitrysynergic.fr\/wp-content\/uploads\/2019\/07\/20190704_115524.jpg?resize=830%2C498&amp;ssl=1 830w, https:\/\/i2.wp.com\/vitrysynergic.fr\/wp-content\/uploads\/2019\/07\/20190704_115524.jpg?resize=230%2C138&amp;ssl=1 230w, https:\/\/i2.wp.com\/vitrysynergic.fr\/wp-content\/uploads\/2019\/07\/20190704_115524.jpg?resize=350%2C210&amp;ssl=1 350w, https:\/\/i2.wp.com\/vitrysynergic.fr\/wp-content\/uploads\/2019\/07\/20190704_115524.jpg?resize=480%2C288&amp;ssl=1 480w, https:\/\/i2.wp.com\/vitrysynergic.fr\/wp-content\/uploads\/2019\/07\/20190704_115524.jpg?w=2340 2340w\" sizes=\"auto, (max-width: 1170px) 100vw, 1170px\" \/><\/figure>\n<div class=\"sharedaddy sd-sharing-enabled\"><div class=\"robots-nocontent sd-block sd-social sd-social-icon-text sd-sharing\"><h3 class=\"sd-title\">Partager\u00a0:<\/h3><div class=\"sd-content\"><ul><li class=\"share-facebook\"><a rel=\"nofollow noopener noreferrer\" data-shared=\"sharing-facebook-163\" class=\"share-facebook sd-button share-icon\" href=\"https:\/\/vitrysynergic.fr\/?page_id=163&amp;share=facebook\" target=\"_blank\" title=\"Cliquez pour partager sur Facebook\"><span>Facebook<\/span><\/a><\/li><li class=\"share-end\"><\/li><\/ul><\/div><\/div><\/div>","protected":false},"excerpt":{"rendered":"<div class=\"sharedaddy sd-sharing-enabled\"><div class=\"robots-nocontent sd-block sd-social sd-social-icon-text sd-sharing\"><h3 class=\"sd-title\">Partager\u00a0:<\/h3><div class=\"sd-content\"><ul><li class=\"share-facebook\"><a rel=\"nofollow noopener noreferrer\" data-shared=\"sharing-facebook-163\" class=\"share-facebook sd-button share-icon\" href=\"https:\/\/vitrysynergic.fr\/?page_id=163&amp;share=facebook\" target=\"_blank\" title=\"Cliquez pour partager sur Facebook\"><span>Facebook<\/span><\/a><\/li><li class=\"share-end\"><\/li><\/ul><\/div><\/div><\/div>","protected":false},"author":1,"featured_media":0,"parent":0,"menu_order":0,"comment_status":"closed","ping_status":"closed","template":"","meta":{"spay_email":"","footnotes":""},"class_list":["post-163","page","type-page","status-publish","hentry"],"jetpack_sharing_enabled":true,"jetpack_shortlink":"https:\/\/wp.me\/ParFhy-2D","_links":{"self":[{"href":"https:\/\/vitrysynergic.fr\/index.php?rest_route=\/wp\/v2\/pages\/163","targetHints":{"allow":["GET"]}}],"collection":[{"href":"https:\/\/vitrysynergic.fr\/index.php?rest_route=\/wp\/v2\/pages"}],"about":[{"href":"https:\/\/vitrysynergic.fr\/index.php?rest_route=\/wp\/v2\/types\/page"}],"author":[{"embeddable":true,"href":"https:\/\/vitrysynergic.fr\/index.php?rest_route=\/wp\/v2\/users\/1"}],"replies":[{"embeddable":true,"href":"https:\/\/vitrysynergic.fr\/index.php?rest_route=%2Fwp%2Fv2%2Fcomments&post=163"}],"version-history":[{"count":7,"href":"https:\/\/vitrysynergic.fr\/index.php?rest_route=\/wp\/v2\/pages\/163\/revisions"}],"predecessor-version":[{"id":364,"href":"https:\/\/vitrysynergic.fr\/index.php?rest_route=\/wp\/v2\/pages\/163\/revisions\/364"}],"wp:attachment":[{"href":"https:\/\/vitrysynergic.fr\/index.php?rest_route=%2Fwp%2Fv2%2Fmedia&parent=163"}],"curies":[{"name":"wp","href":"https:\/\/api.w.org\/{rel}","templated":true}]}}